t is the value of 14 - (-12 + 3) - 43?
-20
What is the value of -2 + (-4 + -6 - (4 + 2 + -3))?
-15
Calculate 1 + (-2 - -4 - -3).
6
5 - ((-5 - -5) + 4 + 10)
-9
Evaluate 6 - (-1 + -9 + (20 - 14)).
10
What is (-6 - -43) + -18 + -1?
18
(-4 - -1) + 9 + 13 + (-9 - 11)
-1
What is (5 - 0) + -5 - (1 - 1)?
0
20 + -44 + (-14 - -21)
-17
What is 4 + (-2 + -33 - 1 - (-395 + 388))?
-25
Calculate 6 + ((-1 + 4 - 21) + -5 - -6).
-11
What is (-10 - (6 + -7)) + 7 + 3?
1
Calculate 1 + (-13 + -18 - -17 - 0).
-13
Calculate 41 + (-23 - (-8 - 2)).
28
Calculate 0 - 5 - (5 - (-6 - -8)).
-8
Calculate -6 + 0 + (-17 - (18 + -33)).
-8
(-13 - (9 + -26)) + (-9 - -1)
-4
Evaluate (-54 - -60) + -1 + -2 + (-3 - 2).
-2
-3 + (-1 + 14 - -3)
13
Calculate 0 + -3 + (2 - (4 + -6)).
1
Calculate 2 - (8 + -32) - 17.
9
(-3 + -15 - -5) + (-4 - -5)
-12
(-506 - -495) + (27 - 2)
14
Calculate 24 - (10 - -21) - 11.
-18
Calculate 2 + -5 - (16 + -26) - 0.
7
Calculate (-16 + (15 - -18) - -1) + -2 + -4.
12
Calculate (-3 - -2 - -1) + (21 - (5 + 5)).
11
What is 14 - 12 - (-5 + 19)?
-12
What is (1 - -1) + 0 + (-67 - -56)?
-9
What is (-16 - -7 - -6) + -13 + 14 + 14?
12
What is the value of 2 + 9 - (14 + 0)?
-3
Evaluate (-3 - (-3 + -4)) + (-14 - (1 + -4)).
-7
What is the value of 0 - (-3 + (15 - (8 - (9 + -5))))?
-8
Evaluate 26 - (-9 + -4 + 27).
12
Calculate -2 + 1 + (27 - 19) + -6.
1
Evaluate 1 + 5 + 6 + -15 + (-16 - 4).
-23
(5 + -9 - 1) + -2 - (-4 + -2)
-1
What is the value of -42 + (43 - 5) + 14?
10
4 + 5 - (-1 + (-15 - -14))
11
(19 - 6) + -15 + 7
5
Calculate (-2 - 0 - -2) + 7 + -11 + -3.
-7
Calculate -7 - (5 + 0 + (1 - 8) + -1).
-4
Calculate -2 + -2 + (-10 - -17) + (-9 - 0).
-6
Calculate 32 - (47 + (-15 - -16)).
-16
What is the value of 18 + (4 - 18) + 12?
16
(-1 - 5) + (81 - (-14 - -75))
14
(-42 - (-12 - -4)) + 13 - -12
-9
What is (2 - 11) + 2 - (-42 - -9 - -9)?
17
What is 8 + -10 + 25 + -12 + -6?
5
Evaluate (-1 - (7 + 2 + -9)) + -9 + 0.
-10
Evaluate 9 + (-16 - 1) + 21.
13
What is (-10 - 4) + (87 - 91)?
-18
What is 4 + 2 + 8 + -12 + -5 - -7?
4
-1 - (-1 - 7) - (-358 + 367) - 2
-4
Calculate -4 - (-1 + 7 - (-12 - (-14 + -1))).
-7
Evaluate -15 + (0 - (-3 + -3)) - 10.
-19
Calculate 1 + -4 + 3 + (0 - -3) + -17.
-14
-6 - -21 - (33 + -20)
2
What is (7 - 11 - 3 - 5) + 10?
-2
What is the value of 1 + (-1 - -5) + -4 - (6 - -26)?
-31
Evaluate 8 + -13 + 9 + 11 + -14 + 8.
9
Calculate -8 + -15 + 8 + 3 + -9.
-21
Calculate 1 - (-2 - -2) - (-13 + (-1 - -10)).
5
What is 3 + -10 - (14 + (0 - 0))?
-21
4 - -8 - (55 - 16 - 21)
-6
What is 10 + (-2 - 3 - (15 + -36 + 15))?
11
Calculate -18 + 5 + 15 - (0 - 8 - -4).
6
What is the value of 114 + -44 + -43 + -35?
-8
What is the value of -7 - (-11 - 5 - -17 - (1 + -11))?
-18
Evaluate -56 + 66 + (-2 - 4).
4
Evaluate (-10 - 11 - -13 - 3) + -1.
-12
Evaluate 20 + -29 + 31 + -24.
-2
What is 12 + (-2 - (10 + (19 - 28)))?
9
Calculate 2 - -15 - (-6 + (-10 - -4 - -11)).
18
Evaluate -20 + 1 - (-299 + 318).
-38
What is the value of -10 + (-25 - -49 - 13)?
1
What is the value of (4 - (9 - (-5 - (4 - 20)))) + -18?
-12
(-10 - (-23 + 0)) + -16 - (-1 - 14)
12
Calculate -4 + (-1 - (10 + -1)) + -2 + 4.
-12
What is the value of 7 + 12 + -24 + -5?
-10
What is (128 - 134) + (0 - 0 - -3)?
-3
What is -6 + -5 - (-10 + 5 + 18)?
-24
Evaluate 43 + -2 + (-9 - 21).
11
What is the value of -3 + 23 + -11 - 11?
-2
What is the value of (20 + -4 + -4 - -7) + -3?
16
What is the value of (27 - (17 + -1)) + -13?
-2
What is 1 - (6 + -1 + -2) - (-78 - -78)?
-2
49 + -31 + (-2 - 9)
7
What is 0 + 79 + -71 - (-1 - 7)?
16
Evaluate (6 - (6 + -1)) + (-33 - -27).
-5
Calculate -24 + (-4 - -59) + -10.
21
What is the value of 3 - ((-2 - -19) + -9)?
-5
What is the value of (-6 - 9) + (5 - (-1 - 2))?
-7
What is (4 - 4 - 7) + -1 + 26 + -6?
12
(3 - 1) + ((-8 - -10) + 3 - 4)
3
What is 1 + (13 - 6 - -2 - (-5 + 3))?
12
What is the value of -95 - -127 - (17 + -6)?
21
Evaluate 3 + (-9 - (-22 + 9) - 9 - -12).
10
What is the value of (14 - 13 - 0 - -2) + -4?
-1
64 + -93 - (-4 - 55)
30
Calculate -2 - (-74 - -39) - 17.
16
What is (-49 - -50) + 2 + (-2 - (-3 - 0))?
4
Calculate -2 + -9 - (5 - (14 + -15)).
-17
6 - (0 + -8 + -8 + (15 - 4))
11
5 + (-3 - -27) + -3 + 3 + -8
21
Calculate (-2 - -8 - (188 + -197)) + -36.
-21
What is the value of (4 - -1) + 0 - ((7 - 6) + -9)?
13
Calculate -1 + 8 + -16 + (-8 - (-4 + -18)).
5
What is (12 - 9 - -7 - -10) + -8 + 0?
12
7 - (-12 + 34) - -26
11
Calculate 12 + 32 + -39 + -2 + -2.
1
Evaluate (-256 - -246) + (2 - 4 - -4).
-8
(18 - (-7 + 20 + -6 + 2)) + 2
11
What is the value of -15 + 16 + -10 - 4?
-13
Evaluate 0 - (-2 - (-5 + 8 + -11)).
-6
Calculate 1 - (-4 + 18) - -3.
-10
-7 + 2 + (4 - (4 + -4 + -10))
9
What is -8 + 3 + 13 + (6 - (4 - 0))?
10
Evaluate 3 + (6 + 1 - (2 - -10 - 17)).
15
-10 + (-5 - 6) + 17 + -30
-34
-2 + -3 + 3 - (2 - 5)
1
Calculate -629 - -644 - (12 - 2).
5
0 - (-20 - -37 - 18)
1
Calculate -51 - -62 - (14 + 0).
-3
What is the value of (1 - (-4 + (3 - (0 + 26)))) + -7?
21
Calculate 14 + 0 + (2 - 27 - -27).
16
Evaluate (-13 + -2 + 9 - (-3 - -1)) + -5.
-9
Calculate (-6 - 2) + -3 + 3 - -28 - -1.
21
Evaluate 0 - -3 - (-5 + (4 - -1)).
3
What is 2 + -3 - (2 + -3 + -1)?
1
Calculate (-63 - -48) + 25 + -3.
7
What is 4 - ((23 - -16) + -53)?
18
10 - (6 - (4 - (4 - -1)))
3
What is the value of -3 + -5 - (-396 - -368)?
20
(-15 + -3 - -12) + -7
-13
Evaluate -3 + (24 - (7 - -7)).
7
What is the value of -10 + (11 - 4) + (-112 - -88)?
-27
1 + (10 - (4 + (6 - 15) + 8))
8
Evaluate -1 + (3 - 4) + 4.
2
Calculate 47 + -39 - (-1 - 1).
10
-16 + -2 + 4 + (6 - 5)
-13
What is the value of (-4 - -17) + -12 + -3?
-2
Calculate 5 + (0 + -3 - (1 + -17 - -23)).
-5
What is -10 + -2 + (0 - 16) - -16?
-12
16 + (18 + -5 + -8 - 14)
7
Calculate (17 - 17) + 8 + -5 + -6.
-3
3 + -3 + -1 + (-2 - 6 - -4)
-5
2 + -1 + -2 - (129 + -119)
-11
Evaluate -36 + 30 + (19 - -1).
14
What is 4 - ((2 - (-3 + 4)) + 20 + -23)?
6
What is (-7 - (-9 - -21)) + 12?
-7
Calculate (-11 - 0) + -42 + 46 + -9.
-16
Evaluate -17 + 14 - (-15 + 1) - -8.
19
What is the value of 6 + 1 + -5 + 15 + -12 + -2?
3
Evaluate -4 - (10 + -7 + 6 + -4).
-9
Calculate (455 - 450) + (1 - 17).
-11
5 + -1 + (-9 - -2) - (56 + -68)
9
5 + -15 - -12 - -4
6
Calculate -1 + -11 - (509 + -530).
9
What is -18 + 1 - (1 - (12 - -2))?
-4
Calculate -4 - (10 + -9 - 13).
8
What is the value of (-40 - -33) + -6 + 2 + 0?
-11
Calculate 2 - ((4 - 3) + -1 + (-2 - 2)).
6
3 + (1 + (-11 - 1 - -6) - -7)
5
Calculate 8 + -35 - -32 - 20.
-15
What is -40 - -10 - (-134 + 120)?
-16
0 - (-23 - -22) - 17
-16
-14 + 4 + 22 + 0 + -11
1
What is -2 + 8 - (-5 + 1) - (1 - -4)?
5
What is -9 - ((-18 - -23) + -7)?
-7
What is the value of -5 + -2 + -206 + 205?
-8
Calculate (8 - 8) + -2 - 2 - (1 - 3).
-2
What is the value of (6 - 14) + 11 + -6 + 14?
11
(5 + -24 - (-4 + -1)) + 0
-14
-16 + 0 - (-22 - -6) - (-30 - 1)
31
What is 6 + -5 + 2 + 1 + (-60 - -69)?
13
What is -1 + -30 + 26 + (-1 - -7)?
1
What is 9 - 6 - (1 - (-4 + -5 + 7))?
0
Calculate (-29 - -22) + (25 - 6).
12
Evaluate -2 - (-6 + -4) - (-8 - -12).
4
-4 + (1 - (7 - 3)) + -6 + 14
1
What is -4 - (1 + -6 + 0 - 8)?
9
What is the value of (112 - 68) + (-94 - -16)?
-34
What is the value of (-2 - 6) + -1 + 16?
7
Evaluate -2 - -9 - ((-23 - -17) + (2 - 1)).
12
What is -2 - (6 - (9 - -3) - -14)?
-10
Evaluate -12 - 0 - -19 - -5.
12
Evaluate -13 + 0 + 16 + -14 + 6 + -7.
-12
What is -406 - -413 - (19 - -1)?
-13
Calculate 11 + (5 + -7 - 4).
5
What is 12 + -14 + 18 + -22 - (12 - 1)?
-17
-2 + 14 + -1 + -8 + -20 + 25
8
Calculate (0 - 22) + 37 - 11.
4
What is the value of -5 + (7 - 7) + -14 + 1?
-18
(-9 - (5 + 7 - 0)) + 4
-17
What is the value of 11 + (-276 - -272) + (1 - 3) + 8?
13
What is 5 - -3 - -18 - (-17 - -12)?
31
What is the value of -1 + -2 + 1 - (322 - 315)?
-9
What is (1 - 5 - (-74 - -57)) + -8 - 30?
-25
Calculate (2 - -1) + (-8 - (12 + -28)).
11
Evaluate (-4 - (1 + -11) - (-2 - -5)) + 3.
6
What is the value of (4 - 3) + -8 + (-36 - -31)?
-12
Calculate -4 - 0 - (-10 - (-24 + 11)) - 6.
-13
What is -9 + (-27 + -5 + 19 - 4)?
-26
What is 131 - 124 - (1 - -31 - 1)?
-24
9 - (37 + -14 - -9)
-23
What is -1 - (4 + -5 - 5 - (1 + -16))?
-10
40 - 16 - (13 - -10)
1
6 + 20 + -48 + 4
-18
7 - ((14 - 1) + (-8 - -2))
0
What is the value of (18 - (18 - -7)) + 14?
7
Evaluate -24 - (-37 - (-19 + 3)